{"id":348,"date":"2015-04-26T13:02:51","date_gmt":"2015-04-26T13:02:51","guid":{"rendered":"http:\/\/www.anarieldesign.com\/themedemos\/maisha\/?page_id=348"},"modified":"2023-04-23T18:57:38","modified_gmt":"2023-04-23T18:57:38","slug":"get-to-know-us","status":"publish","type":"page","link":"https:\/\/friendsofenginakyurek.org\/ro\/get-to-know-us\/","title":{"rendered":"Face\u021bi cuno\u0219tin\u021b\u0103 cu noi"},"content":{"rendered":"<h4>F\u0102 CUNOA\u0218TE-NE ECHIPA<\/h4>\n<p>Prietenii lui Engin Aky\u00fcrek sunt forma\u021bi dintr-un consiliu de administra\u021bie \u0219i membri ai Consiliului consultativ plus o re\u021bea de ambasadori globali. Ne m\u00e2ndrim cu ac\u021biunea comunit\u0103\u021bii, cu advocacy \u0219i cu transformarea admira\u021biei globale \u00een schimb\u0103ri sociale pozitive \u0219i semnificative \u00een onoarea domnului Aky\u00fcrek; un umanitar pe care \u00eel admir\u0103m profund.<\/p>\n<p>Afla\u021bi mai multe despre muzica personalizat\u0103 pe care o auzi\u021bi pe site-ul nostru.<\/p>\n<h4><a href=\"https:\/\/youtu.be\/SMY650xoKsk\" target=\"_blank\" rel=\"noopener\"><button>Prietenii lui ENG\u0130N AKY\u00dcREK youtube<\/button><\/a><br \/>\n<a href=\"https:\/\/friendsofenginakyurek.org\/wp-content\/uploads\/2022\/10\/FEA-1023EZ.pdf\" target=\"_blank\" rel=\"noopener\"><button style=\"background-color:#DCDCDC\">Vezi modelul nostru 1023EZ<\/button><\/a><br \/>\n<\/h4>\n<h4><\/h4>\n<p><!-- Created with Elementor --><!-- Created with Elementor --><!-- Created with Elementor --><!-- Created with Elementor --><!-- Created with Elementor --><!-- Created with Elementor --><!-- Created with Elementor --><!-- Created with Elementor --><!-- Created with Elementor --><!-- Created with Elementor --><!-- Created with Elementor --><!-- Created with Elementor --><\/p>","protected":false},"excerpt":{"rendered":"<p>GET TO KNOW OUR TEAM Friends of Engin Aky\u00fcrek consists of a Board of Directors and Advisory Council Members plus a network of Global Ambassadors. We pride ourselves in community action, advocacy and transforming global admiration into positive, meaningful social change in Mr. Aky\u00fcrek\u2019s honor; a humanitarian we deeply admire. Learn more about the custom &hellip; <a href=\"https:\/\/friendsofenginakyurek.org\/ro\/get-to-know-us\/\" class=\"more-link\">Continua\u021bi lectur\u0103 <span class=\"screen-reader-text\">Face\u021bi cuno\u0219tin\u021b\u0103 cu noi<\/span><\/a><\/p>","protected":false},"author":1,"featured_media":11768,"parent":0,"menu_order":0,"comment_status":"closed","ping_status":"closed","template":"page-templates\/full-width-page.php","meta":{"footnotes":""},"class_list":["post-348","page","type-page","status-publish","has-post-thumbnail","hentry"],"jetpack_sharing_enabled":true,"_links":{"self":[{"href":"https:\/\/friendsofenginakyurek.org\/ro\/wp-json\/wp\/v2\/pages\/348","targetHints":{"allow":["GET"]}}],"collection":[{"href":"https:\/\/friendsofenginakyurek.org\/ro\/wp-json\/wp\/v2\/pages"}],"about":[{"href":"https:\/\/friendsofenginakyurek.org\/ro\/wp-json\/wp\/v2\/types\/page"}],"author":[{"embeddable":true,"href":"https:\/\/friendsofenginakyurek.org\/ro\/wp-json\/wp\/v2\/users\/1"}],"replies":[{"embeddable":true,"href":"https:\/\/friendsofenginakyurek.org\/ro\/wp-json\/wp\/v2\/comments?post=348"}],"version-history":[{"count":52,"href":"https:\/\/friendsofenginakyurek.org\/ro\/wp-json\/wp\/v2\/pages\/348\/revisions"}],"predecessor-version":[{"id":10706,"href":"https:\/\/friendsofenginakyurek.org\/ro\/wp-json\/wp\/v2\/pages\/348\/revisions\/10706"}],"wp:featuredmedia":[{"embeddable":true,"href":"https:\/\/friendsofenginakyurek.org\/ro\/wp-json\/wp\/v2\/media\/11768"}],"wp:attachment":[{"href":"https:\/\/friendsofenginakyurek.org\/ro\/wp-json\/wp\/v2\/media?parent=348"}],"curies":[{"name":"wp","href":"https:\/\/api.w.org\/{rel}","templated":true}]}}

Faceți cunoștință cu noi

<h4>FĂ CUNOAȘTE-NE ECHIPA</h4>
<p>Prietenii lui Engin Akyürek sunt formați dintr-un consiliu de administrație și membri ai Consiliului consultativ plus o rețea de ambasadori globali. Ne mândrim cu acțiunea comunității, cu advocacy și cu transformarea admirației globale în schimbări sociale pozitive și semnificative în onoarea domnului Akyürek; un umanitar pe care îl admirăm profund.</p>
<p>Aflați mai multe despre muzica personalizată pe care o auziți pe site-ul nostru.</p>
<h4><a href="https://youtu.be/SMY650xoKsk" target="_blank" rel="noopener"><button>Prietenii lui ENGİN AKYÜREK youtube</button></a><br />
<a href="https://friendsofenginakyurek.org/wp-content/uploads/2022/10/FEA-1023EZ.pdf" target="_blank" rel="noopener"><button style="background-color:#DCDCDC">Vezi modelul nostru 1023EZ</button></a><br />
</h4>
<h4></h4>
<p><!-- Created with Elementor --><!-- Created with Elementor --><!-- Created with Elementor --><!-- Created with Elementor --><!-- Created with Elementor --><!-- Created with Elementor --><!-- Created with Elementor --><!-- Created with Elementor --><!-- Created with Elementor --><!-- Created with Elementor --><!-- Created with Elementor --><!-- Created with Elementor --></p>

<p>GET TO KNOW OUR TEAM Friends of Engin Akyürek consists of a Board of Directors and Advisory Council Members plus a network of Global Ambassadors. We pride ourselves in community action, advocacy and transforming global admiration into positive, meaningful social change in Mr. Akyürek’s honor; a humanitarian we deeply admire. Learn more about the custom &hellip; <a href="https://friendsofenginakyurek.org/ro/get-to-know-us/" class="more-link">Continuați lectură <span class="screen-reader-text">Faceți cunoștință cu noi</span></a></p>
